408. Calculate h(-4).
-24
Let d(y) = y**3 - 253*y**2 - 4309*y + 1339. What is d(269)?
-6
Let h(i) = -7*i**2 - 257*i + 1293. Calculate h(5).
-167
Let a(q) = 10*q**3 + 55*q**2 - 177*q + 82. Give a(-8).
-102
Let u(m) = -321*m - 26000. Determine u(-97).
5137
Let w(x) = 4189*x - 16863. Calculate w(4).
-107
Let y(b) = 7*b**3 - 707*b**2 + 6358*b + 1135. Give y(91).
43
Let b(i) = 133*i**3 - 13*i**2 - 6*i - 3. Calculate b(-1).
-143
Let j(n) = -n**2 + 448*n + 49014. What is j(-91)?
-35
Let a(n) = 4*n**3 - 264*n**2 - 479*n + 137. Determine a(-2).
7
Let u(o) = o**3 - 490*o**2 + 2443*o - 101. Give u(5).
-11
Let w(t) = -t**2 - 19*t + 81982. Calculate w(277).
-10
Let z(m) = m**3 + 21*m**2 + 3*m + 104. What is z(-21)?
41
Let y(w) = 2*w**3 + 367*w**2 - 9516*w + 392. What is y(23)?
1
Let c(j) = -j**3 + 80*j**2 - 1319*j - 15. Give c(25).
1385
Let a(n) = -n**3 - 4*n**2 + 2339*n + 9354. What is a(-4)?
-2
Let l(a) = a**3 + 7*a**2 - 30*a + 236. Calculate l(-14).
-716
Let y(g) = 24*g**2 - 194*g - 4328. Calculate y(-10).
12
Let f(t) = -6071*t**2 + 30358*t + 14. What is f(5)?
29
Let a(t) = 25*t**3 + 225*t**2 - 723*t - 6562. Calculate a(-9).
-55
Let y(h) = 11981*h - 2132644. Calculate y(178).
-26
Let z(p) = p**3 + 329*p**2 + 14171*p - 1942. What is z(-278)?
4
Let l(v) = -v**3 - 52*v**2 - 266*v - 446. Determine l(-47).
1011
Let d(n) = -n**3 + 32*n**2 - 9338*n + 118178. Give d(13).
-5
Let w(l) = -l**3 + 191*l**2 - 365*l - 2472. Calculate w(189).
-15
Let n(f) = -f**2 + 923*f - 54173. Determine n(63).
7
Let d(c) = -c**2 - 14183*c - 551625. Calculate d(-39).
-9
Let k(t) = t**2 - 1390*t + 420986. Give k(446).
-38
Let w(q) = -12*q - 34. Give w(16).
-226
Let w(j) = -6*j**3 + 3*j + 19. What is w(0)?
19
Let h(m) = -1309*m - 2567. Determine h(-2).
51
Let t(a) = a**3 - 223*a**2 - 6707*a + 138. Calculate t(-27).
-1023
Let o(b) = -53*b**3 - 6*b**2 + 559*b - 554. Give o(1).
-54
Let s(z) = -z**3 + 4*z**2 - 5559*z - 39495. Give s(-7).
-43
Let m(k) = -41075*k - 164238. Determine m(-4).
62
Let v(h) = 9*h**3 + 242*h**2 - 19*h + 242. Calculate v(-27).
26
Let c(r) = -3*r**2 - 717*r + 2916. What is c(-243)?
0
Let s(v) = 2*v**3 + 54*v**2 + 17*v + 651. Calculate s(-27).
192
Let m(p) = 3*p**3 + 347*p**2 - 101*p + 1876. Determine m(-116).
136
Let p(l) = 2496*l + 39779. What is p(-16)?
-157
Let n(d) = -93*d**2 + 126*d - 124. Calculate n(1).
-91
Let n(l) = 140491*l - 1404917. What is n(10)?
-7
Let v(a) = -6909*a**3 - 7*a**2 + 49*a - 45. Give v(1).
-6912
Let c(v) = -v**3 + 102*v**2 + 91*v + 1041. What is c(103)?
-195
Let v(r) = -1341*r - 4702. What is v(-4)?
662
Let p(l) = 5*l**2 - 696*l - 375. What is p(140)?
185
Let i(t) = -t**3 - 38*t**2 - 159*t + 970. Determine i(-9).
52
Let x(z) = 70610*z - 353070. Calculate x(5).
-20
Let k(i) = 16434*i - 1396877. Give k(85).
13
Let h(y) = 24*y**2 - y - 272. What is h(4)?
108
Let d(r) = -1008096*r + 1008094. Determine d(1).
-2
Let f(z) = 29917*z - 628264. Calculate f(21).
-7
Let k(q) = 477*q**2 - 32414*q - 1491. Calculate k(68).
5
Let r(c) = c**3 - 36*c**2 - 3179*c + 116378. Give r(37).
124
Let v(j) = j**2 - 599*j - 22793. Calculate v(-36).
67
Let i(c) = -34067*c - 102206. Determine i(-3).
-5
Let m(y) = -7116*y + 28468. Calculate m(4).
4
Let p(x) = -110*x**3 - 11*x**2 + 10*x + 7. Determine p(1).
-104
Let h(b) = 728*b + 30025. Determine h(-41).
177
Let n(u) = 412*u**2 + 548*u + 1093. Determine n(-2).
1645
Let t(d) = 40*d**2 - 4621*d + 9233. Determine t(2).
151
Let l(m) = -44*m + 210. What is l(-1)?
254
Let t(q) = q**3 + 10*q**2 - 1417*q - 115. What is t(33)?
-49
Let t(g) = -2760038*g + 5520059. What is t(2)?
-17
Let k(h) = -43*h**3 + h**2 + 174*h + 804. What is k(-5)?
5334
Let f(s) = 2*s**2 - 43*s + 78. Determine f(12).
-150
Let p(k) = -2*k**3 + 47*k**2 - 71*k + 91. What is p(22)?
-19
Let o(c) = 26196*c - 26110. Calculate o(1).
86
Let l(a) = -2570*a - 64185. Calculate l(-25).
65
Let k(d) = d**3 + 118*d**2 + 2326*d + 62. What is k(-25)?
37
Let m(n) = 2325*n**2 + 39510*n - 233. Determine m(-17).
22
Let q(p) = 1507*p - 87077. Determine q(58).
329
Let b(g) = -1632*g**2 + 94656*g + 19. What is b(58)?
19
Let z(n) = -753*n**2 + 14297*n - 4. Calculate z(19).
-194
Let w(x) = 12*x**3 - 89*x**2 + 518*x + 44. Give w(6).
2540
Let a(n) = 3*n**2 - 2036*n + 19394. Calculate a(669).
-7
Let f(s) = s**2 - 299*s + 9775. What is f(38)?
-143
Let s(y) = -30*y**3 - 6*y**2 + 180*y + 181. Determine s(-1).
25
Let z(l) = -325*l - 47087. Determine z(-145).
38
Let m(v) = 3826*v - 164535. What is m(43)?
-17
Let l(z) = 4*z**3 + 1575*z**2 - 1981*z - 2356. Determine l(-395).
14
Let q(b) = b**2 + 6728*b - 800859. Determine q(117).
6
Let n(s) = -1583*s - 29726. Give n(-19).
351
Let l(g) = -g**2 - 301*g - 20967. Determine l(-192).
-39
Let k(f) = 176*f**2 - 9842*f - 792. Give k(56).
-8
Let h(v) = v**3 - 7674*v**2 + 61313*v - 13. What is h(8)?
-133
Let m(f) = f**3 - 24*f**2 - 36*f + 2016. What is m(21)?
-63
Let x(i) = -26*i**2 + 209*i - 206. What is x(7)?
-17
Let d(t) = -2*t**3 - 30*t**2 - 470*t - 8038. What is d(-16)?
-6
Let n(o) = -o**3 - 2014*o**2 - 10109*o - 318. Give n(-5).
2
Let v(m) = -5*m**3 - m**2 - 4032*m + 4. What is v(0)?
4
Let a(l) = -l**2 - 5220*l - 456648. What is a(-89)?
11
Let h(o) = o**3 - 99*o**2 + 213*o + 673. Calculate h(4).
5
Let v(g) = 84475*g - 4477175. Determine v(53).
0
Let w(v) = 2339*v - 137980. Give w(59).
21
Let a(m) = 24*m**2 + 1357*m - 218. Determine a(-56).
-946
Let w(n) = 132*n**2 + 15*n - 51. Give w(3).
1182
Let r(o) = -43*o**2 + 181*o - 19. Give r(-5).
-1999
Let b(y) = -y**3 + 105*y**2 + 1801*y - 214. Give b(120).
-94
Let p(q) = 10*q**2 + 1735*q + 4071. Calculate p(-171).
-204
Let d(u) = u**2 - 4052*u + 1614583. What is d(448)?
-9
Let g(b) = -47*b - 67. Determine g(-3).
74
Let b(u) = -u**3 - 63*u**2 - 630*u - 81. Give b(-12).
135
Let m(b) = -7781*b - 350079. Calculate m(-45).
66
Let l(f) = -902*f + 44. Give l(-1).
946
Let l(w) = -4*w**2 - 429*w - 3361. Determine l(-98).
265
Let l(m) = 6*m**2 - 1036*m - 10085. What is l(182)?
107
Let s(b) = 4*b**3 + 824*b**2 + b + 334. Calculate s(-206).
128
Let v(w) = -721*w**2 + 1581*w + 4. Calculate v(2).
282
Let w(g) = -10*g**3 + 8*g**2 - 186*g + 1136. Give w(6).
-1852
Let p(m) = -115*m**3 + 11*m**2 + 43*m - 115. Calculate p(2).
-905
Let q(x) = -35*x**2 - 180*x + 68. What is q(-5)?
93
Let f(l) = -l**3 - 10*l**2 + 167*l + 849. What is f(-17)?
33
Let q(a) = 3*a**3 - 1983*a**2 + a - 655. Give q(661).
6
Let a(l) = l - 692. Calculate a(-19).
-711
Let q(t) = 1501*t + 325279. Determine q(-217).
-438
Let r(i) = 4*i**3 - 37855*i**2 + 75702*i - 2. Calculate r(2).
14
Let f(g) = -4*g**2 - 2547*g - 403812. Determine f(-298).
-22
Let v(b) = -31298*b - 2597734. Calculate v(-83).
0
Let t(p) = -69557*p - 347702. Give t(-5).
83
Let j(n) = 17*n**2 - 18*n - 143. Give j(-3).
64
Let u(g) = -4*g**3 - 28*g**2 - 748*g - 4442. Calculate u(-6).
-98
Let p(c) = -3*c**3 - 25*c**2 - 144*c - 18. Determine p(-11).
2534
Let m(k) = -1011*k - 69417. What is m(-67)?
-1680
Let x(w) = -54*w**3 - 5*w**2 - 2*w + 20. Calculate x(2).
-436
Let m(a) = 70*a + 30. Give m(-2).
-110
Let r(u) = -2*u**2 - 126*u + 880. What is r(-42)?
2644
Let g(o) = -2*o**3 - 73*o**2 - 56*o + 5769. Determine g(-33).
-6
Let d(v) = -v**3 - 32*v**2 - 91*v - 3710. Calculate d(-32).
-798
Let j(i) = i**2 + 23096*i + 16. Determine j(0).
16
Let c(g) = -4749*g + 7620. Give c(2).
-1878
Let w(v) = -166*v**2 - 6410*v + 2503. Calculate w(-39).
7
Let w(m) = 4*m**3 - 704*m**2 - 14825*m + 961. Calculate w(195).
-14
Let s(v) = 4*v**3 + 77*v**2 - 59*v + 24. What is s(-20)?
4
Let j(x) = 6*x**2 + 3820*x - 11451. Give j(3).
63
Let c(n) = 5034*n + 409. Determine c(0).
409
Let x(a) = 2*a**2 - 135*a + 3046. What is x(25)?
921
Let j(s) = 7663*s + 7653. Give j(-1).
-10
Let f(a) = -2*a**3 - 42*a**2 - 33*a - 260. What is f(-22)?
1434
Let r(n) = -115*n**3 - 21*n**2 - 5*n + 5. What is r(2)?
-1009
Let g(j) = 37*j**2 - 1556*j - 6302. Give g(-4).
514
Let j(d) = d**2 - 131*d + 1710. What is j(23)?
-774
Let t(a) = -752*a - 60216. Calculate t(-80).
-56
Let d(v) = 10*v**2 - 3760*v - 26836. What is d(383)?
-26
Let l(b) = -b**2 - 10289*b - 348743. Calculate l(-34).
-73
Let b(m) = -m**3 - 25*m**2 - 512*m + 6216. Give b(8).
8
Let v(t) = 4*t**3 + 58*t**2 - 42*t + 90. Calculate v(-15).
270
Let a(t) = -137*t**2 - 1238*t - 40. Calcula